- 2*n + 19 = 0, t - 1 + 8 = -4*n. Let s(x) = -t*x**2 - 2*x**2 + 6*x + 6*x**2 - 6 + 3. Give s(6).
-3
Let r(f) = -f**2 - 41. Suppose -25*l + 14*l = -16*l. Calculate r(l).
-41
Let z(l) = l**3 + 3*l**2 + 3*l - 2. Let r = 123 + -126. Give z(r).
-11
Suppose 0 = 2*b + s - 7, -21*b + 38 = -18*b - 4*s. Let r(n) = -n**2 + 5*n - 8. Determine r(b).
-14
Let d be (16/6)/(8 - 69/9). Let q(v) = -v**2 + 10*v + 5. What is q(d)?
21
Let f be (5 - 3)*(-4)/((-8)/31). Let w(v) = -17*v + f*v - 1 - 6*v. Calculate w(1).
7
Let f(j) be the first derivative of -2*j**2 - 5*j - 224. Give f(-4).
11
Let m(t) = -t**3 + 6*t**2 - t + 5. Let h(q) be the second derivative of 0 + 0*q**3 + 1/12*q**4 - q + 1/2*q**2. Let s(g) = 3*h(g) - m(g). Calculate s(3).
1
Let d be 4/6 - (-15)/(-9). Let w(b) = b**2 - b + 1. Let h(k) = 3*k**2 - 3*k - 2. Let a(v) = d*h(v) + 2*w(v). Calculate a(-3).
-8
Let u(w) be the second derivative of 5*w**4/6 - 8*w**3/3 + 15*w**2/2 - 12*w. Let c(s) = -7*s**2 + 11*s - 10. Let i(j) = 7*c(j) + 5*u(j). Give i(5).
15
Let p(t) = -t**3 - 5*t**2 - 2*t - 15. Let j(o) = o**3 + 5*o**2 + o + 13. Let q(w) = -6*j(w) - 5*p(w). Determine q(-6).
9
Let o(i) be the first derivative of -i**4/4 - 2*i**3 - 2*i**2 + 3*i + 74. What is o(-5)?
-2
Suppose -70 = 2*q + 4*i, 3*q + 18 = -4*i - 89. Let s = -42 - q. Let y(u) = -2*u - 5. Calculate y(s).
5
Let q(s) = s**2 + 17*s + 22. Let x be q(-16). Let n be (44/12 + -3)*x. Let o(d) = -d + 4. Give o(n).
0
Let w(u) = 5*u + 3. Suppose 3*a - 4*i - 24 = 2*a, 5*a - 5*i = 120. Suppose 6*c - a = -0. Calculate w(c).
23
Let o be (0 + -1)*(-1 + 1). Let r(p) = -5*p - 3 - 3 + 6*p - 5 + 4. Determine r(o).
-7
Let g be (-336)/57 - 4/38. Let m(n) = n**2 + 7*n - 2. What is m(g)?
-8
Let g(n) = n**2 + 9*n - 6. Let w be g(-9). Let p = -1 - w. Let i(v) = -p - 5*v + 8*v - 5*v - 2. What is i(-5)?
3
Let b(u) be the first derivative of u**4/4 + 8*u**3/3 - 9*u**2/2 + 8*u - 756. Determine b(-9).
8
Suppose 3*n - 8*n + 5 = 0. Suppose -5*y + 67 = 3*c, -1 - n = -y. Let x = 13 - c. Let g(a) = a**2 + 7*a + 5. Give g(x).
-1
Let a(n) = 27*n**2 + 6*n + 35. Let t(y) = 26*y**2 + 5*y + 30. Let q(c) = 6*a(c) - 7*t(c). Give q(-1).
-21
Let g(k) = k. Let o(s) = -s**3 - 7*s**2 - 7*s - 3. Let n be o(-6). Let q be -2*(n - (-9)/(-2)). Let u be q/(-12) + (-58)/(-8). What is g(u)?
7
Let a be -1*1*10/10. Let x(t) = 12*t**3 - t**2. Calculate x(a).
-13
Let n(f) = -2*f**2 + 3*f**2 - 2*f**2 - 1 + 3*f. Let j be (-35)/(-175) + (-18)/(-10). Give n(j).
1
Let h(l) be the third derivative of -l**4/12 - l**3 + 964*l**2. Calculate h(-4).
2
Let r(q) = -q**3 - 7*q**2 - 5*q + 8. Suppose 178*h - 174*h = -24. Calculate r(h).
2
Let y(n) be the third derivative of n**8/6720 + n**7/630 + n**5/60 + n**4/2 - 14*n**2. Let k(h) be the second derivative of y(h). What is k(-2)?
10
Let y(m) be the second derivative of 2*m**3/3 - m**2/2 + 2*m + 57. Suppose 4*a - 3*f = 0, -3*f = a - 0*a - 15. Suppose -a*i = -4 - 2. Calculate y(i).
7
Let m(l) = l**2 - 5*l + 2*l + 6 + 2*l. Let w(y) = -y**2 + y**2 + 4*y - 13 - 2*y - 2*y**2. Let b(c) = -5*m(c) - 2*w(c). Determine b(0).
-4
Let p(j) = -8*j**2 + 3*j + 4. Suppose -6*s + 495 - 513 = 0. Determine p(s).
-77
Suppose -3*g = g. Suppose g = f + f - 6. Let o(p) = -f - p**2 - 2*p**2 + p**3 - 2*p**2. What is o(5)?
-3
Suppose -5*v - 22*v = -10*v. Let x(y) = y**3 - y + 7. Determine x(v).
7
Let b(i) be the second derivative of 1/20*i**5 + 7*i - i**3 + 1/2*i**4 + 1/2*i**2 + 0. Let s be b(-7). Let j(f) = -f**2 - 5*f + 1. Calculate j(s).
-5
Let x = -92 - -95. Let i(o) be the second derivative of -o**3/6 - 3*o. Give i(x).
-3
Let z(u) = -2*u - 5. Let i(p) = 27*p - 19. Let w(h) = -i(h) + 4*z(h). Determine w(-1).
34
Let t(l) = -2*l**3 + 1. Let g(c) = 11*c**3 + 7*c**2 - 6*c + 2. Let k(s) = g(s) + 6*t(s). Determine k(6).
8
Let b = 1518 + -1517. Let x(v) = 7*v**2 - v. Calculate x(b).
6
Let j(g) = 5*g**2 + 8*g + 2. Suppose -4*x + 30 = -4*h + 78, -4*x - 6 = 2*h. Let r(z) = -2*z**2 - 4*z - 1. Let k(s) = h*r(s) + 3*j(s). Give k(5).
4
Let y(d) = -192*d**2 + 9 + 389*d**2 + 4*d + 0 - 198*d**2. What is y(5)?
4
Let f(i) = -2*i**3 - 4*i**2 + 2*i + 2. Let j(x) = -3*x**3 - 6*x**2 + 3*x + 3. Suppose 5*p + 38 = -2. Let w(z) = p*f(z) + 5*j(z). Give w(-3).
-7
Let o(s) = -8*s**2 - 3*s + 3. Let r be o(1). Let n = r - -1. Let q(u) = u**3 + 6*u**2 - 9*u - 8. Determine q(n).
6
Suppose -49 = -277*o + 284*o. Let r(c) = c**2 + 5*c - 8. Give r(o).
6
Let m(j) be the second derivative of 1/20*j**5 + 2/3*j**3 - 1/6*j**4 + 5*j - j**2 + 0. Calculate m(3).
19
Suppose 0 = -7*p + 3*p + 8. Suppose -t - t = -2*n - 6, -p*n - 1 = -t. Let g(x) = 20*x**3 + 0*x + x - 19*x**3 - 6*x**n + 4. Give g(6).
10
Let j(f) = f**3 - 4*f**2 + 2*f + 1. Let h = 74 - 73. Let v be (4 + h)*7/(70/6). What is j(v)?
-2
Let b(s) = 13*s - 1. Let m = -118 - -120. Give b(m).
25
Let s(b) = -14*b**3 - 15*b**2 + 26*b - 12. Let q(y) = 0*y + 4 - 9*y + 5*y**3 + 5*y**2 + 0*y. Let n(k) = -17*q(k) - 6*s(k). Calculate n(4).
8
Let q = -1 - 3. Let g(o) = 119*o + 106*o - 227*o. What is g(q)?
8
Let a(x) = 3*x**2 - 4*x + 3. Let t be a(2). Suppose 11*w - t*w = 0. Let s(m) = 0*m - m**2 + w*m**2 - m. Calculate s(0).
0
Let q(o) be the first derivative of o**4/2 - 3*o**2/2 - o - 174. Let f(k) = k**3 - 6*k**2 - 8*k + 5. Let a be f(7). Give q(a).
-11
Let t be 3 - 2*22/(-4). Let l be 4/t - 32/14. Let h(y) = 4*y. Let a(c) = -3*c - 1. Let b(j) = 3*a(j) + 2*h(j). Give b(l).
-1
Let l be (4/(-6))/(4/(-24)). Suppose -5*q - l - 1 = -w, -4*q - 5*w + 25 = 0. Let m(i) = i - 5. Let v(o) = -2*o + 10. Let b(k) = 7*m(k) + 4*v(k). Calculate b(q).
5
Suppose 2*x - 44 = x. Let u = 51 - x. Let q(c) = -c**3 + 7*c**2 + c + 2. Calculate q(u).
9
Let j(w) be the second derivative of w**4/12 + 7*w**3/6 + 7*w**2/2 - 83*w + 2. Calculate j(-5).
-3
Let s(q) = 3*q**3 + 5*q**2 + 9*q - 11. Let w(h) = -16*h**3 - 23*h**2 - 46*h + 57. Let j(p) = -11*s(p) - 2*w(p). Determine j(-8).
-1
Let c(j) = -j**3 + 2*j**2 - 3*j + 2. Let t(w) = -50*w + 203. Let s be t(4). What is c(s)?
-16
Let w(s) = s**3 + 3*s**2 - 13*s + 30. Let n be w(-6). Let j(z) be the second derivative of 1/2*z**2 + n*z**3 + 1/4*z**4 + 7*z + 0. Give j(1).
4
Let w(g) = -47*g - 24 - g**2 - 10 - 4*g**2 + 3*g**2 + 5. What is w(-23)?
-6
Let i(q) = q**3 - 10*q**2 + 11*q + 6. Suppose 6*g = 851 - 797. Calculate i(g).
24
Let n be 2/8*2*-2. Let i(v) be the first derivative of -v**6/45 - v**5/120 + 13*v**3/3 - 12. Let p(m) be the third derivative of i(m). Determine p(n).
-7
Let r = -4 + -7. Let p(u) = u**3 + 12*u**2 + 15*u + 38. Give p(r).
-6
Let d be ((-3)/(-1))/((-3)/2). Let m(s) = -s**2 + s - 1. Suppose -2*j - 51 = -19*j. Let n(c) = -c**3 + 3*c**2 + c + 6. Let g(p) = j*m(p) + n(p). Give g(d).
3
Suppose -110*o + 100*o = 10. Let k(v) = 13*v**3 - v**2 + 1. Determine k(o).
-13
Let i(w) = 11 + 2*w - 4 + 1 - w - 5*w. Give i(7).
-20
Suppose 0 = -16*a + 7*a + 90. Let j(l) be the first derivative of l**3/3 - 5*l**2 + 5*l - 20. Determine j(a).
5
Let d(p) = 0*p - 5*p**2 + 3*p**2 + 1 + 3*p**2 - 3*p. Let y = -12 + 17. Let a(l) = l - 3. Let w be a(y). What is d(w)?
-1
Let p be (-28)/(-42)*((-19)/(-2) - -1). Let j(d) be the third derivative of p*d**2 - 1/60*d**5 + 0*d**4 + 0*d + 0 + 1/3*d**3 - 1/120*d**6. Give j(2).
-10
Suppose 13 = -3*p + 2*h, -p + 22*h + 9 = 24*h. Let f(z) be the second derivative of z**4/12 + z**3/3 + z**2/2 + 2*z. Calculate f(p).
0
Let p(w) = 10*w**2 - 5*w + 8. Let a(j) = 3*j**2 - 2*j + 3. Let r(h) = -8*a(h) + 3*p(h). Determine r(-1).
5
Let q(y) = y + 1. Let x be 5 - -1 - (0 + 2). Let n = -3 + x. Suppose -5*o = n + 4. Calculate q(o).
0
Let n = -2 - -9. Let q(t) = 3*t + 5. Let z(s) = -10 - 19*s + 26*s - 12*s. Let y(v) = -7*q(v) - 4*z(v). What is y(n)?
-2
Suppose -20 + 0 = -2*v. Let m be 0 + -3 - (2 - v). Let j be (4/(-10))/(m/75). Let b(p) = -p**2 - 5*p + 8. Calculate b(j).
2
Let y = 21 + -24. Let d(q) = -2*q - 1. Let r be d(y). Let t(i) = -5*i**2 + i - 2. Let w(p) = 11*p**2 - 3*p + 4. Let f(c) = 13*t(c) + 6*w(c). Determine f(r).
-2
Let r(s) = -2*s**2 - 12*s + 6. Suppose 5*n + 35 = 5*m, 4*m - 636 = -n - 658. Calculate r(n).
-74
Let a(u) = -10*u - 75. Let b be a(-8). Let v(n) = 3*n**2 + 2*n - 2. Let q be v(-2). Suppose 1 + 2 = -4*f - 3*x, -b*f - 3*x = q. Let l(o) = -o - 1. What is l(f)?
2
Let k(o) = -o**3 - 2 - 5*o**2 + 106*o - o**2 - 111*o. Let d be (-2 + 3 + -2